2 (base 5) to base 2
100000010011
What is 4fa6 (base 16) in base 5?
1123030
What is -26a (base 15) in base 8?
-1046
What is -841 (base 10) in base 2?
-1101001001
What is 193c4 (base 14) in base 2?
1111100110000000
What is 1485 (base 14) in base 3?
12000000
What is -12010201 (base 3) in base 11?
-28a5
What is 13033 (base 5) in base 4?
33322
Convert -210 (base 15) to base 10.
-465
What is -235 (base 8) in base 12?
-111
Convert -779 (base 16) to base 8.
-3571
-a6a (base 11) to base 3
-1202122
What is -40447 (base 8) in base 13?
-7790
Convert -13267 (base 8) to base 12.
-3447
Convert -449 (base 13) to base 5.
-10422
-152312 (base 6) to base 4
-3213110
Convert -45614 (base 8) to base 12.
-b238
-122122 (base 3) to base 11
-3a3
What is -2457 (base 12) in base 10?
-4099
What is -14 (base 6) in base 13?
-a
What is -4a5 (base 15) in base 12?
-73b
Convert -11986 (base 10) to base 12.
-6b2a
Convert -2cc7 (base 14) to base 7.
-32240
What is 31a (base 11) in base 13?
237
What is 514 (base 8) in base 14?
19a
Convert -11221122 (base 3) to base 8.
-7030
What is 12011323 (base 4) in base 7?
132520
Convert 101111101010 (base 2) to base 10.
3050
What is -12067 (base 8) in base 4?
-1100313
Convert 9679 (base 11) to base 8.
30767
1114 (base 7) to base 4
12103
3420 (base 9) to base 7
10242
1202 (base 6) to base 16
122
Convert -1926 (base 10) to base 3.
-2122100
What is -213240 (base 5) in base 9?
-11033
What is 30013 (base 5) in base 16?
75b
What is -406e (base 15) in base 11?
-a248
Convert 526 (base 9) to base 2.
110101101
What is -20220 (base 4) in base 5?
-4202
Convert 1377 (base 13) to base 5.
42202
What is 3a9 (base 14) in base 13?
449
13102323 (base 4) to base 12
15363
Convert aa7 (base 13) to base 6.
12243
What is -21201 (base 3) in base 10?
-208
Convert -5566 (base 7) to base 9.
-2671
What is -8d8 (base 14) in base 9?
-2363
-132063 (base 8) to base 13
-17cc7
Convert -1431 (base 8) to base 16.
-319
20aa (base 11) to base 10
2782
-5ba (base 12) to base 10
-862
22554 (base 10) to base 14
8310
122062 (base 7) to base 16
5743
125 (base 16) to base 6
1205
10ab (base 13) to base 14
bd0
3088 (base 11) to base 14
16c1
14978 (base 15) to base 12
3241b
Convert -211 (base 10) to base 4.
-3103
What is 419 (base 10) in base 3?
120112
What is 1b4a (base 13) in base 9?
5575
What is -11202101 (base 3) in base 6?
-24014
Convert 164437 (base 8) to base 10.
59679
Convert -3342 (base 6) to base 4.
-30032
What is 56664 (base 7) in base 4?
3201003
What is 202000 (base 3) in base 9?
660
Convert 1100310 (base 4) to base 6.
35540
Convert -94 (base 12) to base 8.
-160
Convert 3956 (base 11) to base 8.
12027
Convert -51633 (base 7) to base 3.
-122101010
What is 2181 (base 12) in base 4?
321301
Convert -211 (base 10) to base 5.
-1321
-3333444 (base 5) to base 3
-2222102021
What is 67 (base 16) in base 4?
1213
What is -1000110111110100 (base 2) in base 14?
-d35a
-4ed (base 15) to base 12
-797
What is -decb (base 15) in base 8?
-134160
Convert 6 (base 14) to base 2.
110
802f (base 16) to base 9
50011
What is 124020 (base 8) in base 7?
236302
9359 (base 10) to base 12
54bb
10010111000111 (base 2) to base 7
40124
Convert -100034 (base 5) to base 2.
-110001001000
Convert -55b (base 13) to base 12.
-649
What is 4ad (base 14) in base 11?
782
Convert -9dd (base 14) to base 11.
-1521
Convert 100110110 (base 2) to base 13.
1ab
-926 (base 12) to base 4
-110232
What is 2172 (base 8) in base 5?
14041
What is 122 (base 10) in base 14?
8a
37182 (base 10) to base 13
13c02
Convert 8bb (base 14) to base 2.
11011000101
What is 1036 (base 7) in base 2?
101110010
Convert 537 (base 9) to base 5.
3224
5a (base 16) to base 11
82
Convert 12107 (base 8) to base 6.
40011
What is 220202 (base 3) in base 4?
22130
Convert -1254 (base 10) to base 12.
-886
What is -2062 (base 8) in base 6?
-4550
Convert -1899 (base 12) to base 8.
-5665
What is -580 (base 11) in base 4?
-22311
280 (base 11) to base 3
110020
Convert -9287 (base 10) to base 13.
-42c5
Convert 7b1 (base 14) to base 9.
2076
Convert -320 (base 4) to base 8.
-70
2012055 (base 6) to base 14
26911
Convert 959 (base 13) to base 5.
22340
Convert -4530 (base 7) to base 9.
-2220
Convert 1535 (base 7) to base 13.
383
What is -1135 (base 7) in base 11?
-350
102331 (base 4) to base 9
1587
Convert 10342 (base 5) to base 14.
398
-540e (base 16) to base 13
-9a43
What is -458e (base 16) in base 9?
-26374
1111000 (base 2) to base 12
a0
-2120120 (base 5) to base 14
-cdd2
Convert 2fb (base 16) to base 2.
1011111011
What is 163b (base 16) in base 11?
4304
Convert -24136 (base 8) to base 7.
-42062
-495b (base 12) to base 6
-102155
What is -124 (base 14) in base 8?
-344
Convert 113322 (base 4) to base 2.
10111111010
What is -1856 (base 10) in base 3?
-2112202
-565 (base 9) to base 16
-1d0
Convert -2600 (base 9) to base 10.
-1944
Convert -44025 (base 6) to base 4.
-1132301
What is -2a49 (base 11) in base 7?
-14305
Convert -1cb (base 16) to base 7.
-1224
Convert 401 (base 9) to base 3.
110001
What is -26 (base 12) in base 4?
-132
What is 239a (base 11) in base 12?
1992
-1004030 (base 5) to base 15
-4bb0
Convert -20012220 (base 3) to base 11.
-3451
-3102002 (base 4) to base 12
-7942
-5cb (base 15) to base 5
-20231
Convert -7121 (base 16) to base 13.
-1024a
What is -1000111111101 (base 2) in base 9?
-6276
Convert 2d5 (base 16) to base 4.
23111
What is -7223 (base 15) in base 13?
-ac86
Convert -1001101001111100 (base 2) to base 12.
-1aa78
Convert 93b (base 16) to base 3.
10020112
What is -970 (base 12) in base 6?
-10220
189 (base 15) to base 8
542
11286 (base 10) to base 15
3526
64fc (base 16) to base 4
12103330
110230 (base 4) to base 12
924
25b6 (base 13) to base 4
1110030
What is -597b (base 15) in base 3?
-222002022
101101110100110 (base 2) to base 10
23462
What is -45a1 (base 13) in base 3?
-111101122
Convert -1507 (base 9) to base 10.
-1141
100110011 (base 2) to base 13
1a8
What is 309 (base 14) in base 11?
4a3
-13210122 (base 4) to base 7
-156246
What is 2002221 (base 3) in base 8?
3001
What is 6513 (base 12) in base 9?
16206
-1017 (base 8) to base 11
-43a
What is -16043 (base 10) in base 7?
-64526
1020103 (base 4) to base 8
11023
Convert 1812 (base 9) to base 12.
978
-20102 (base 3) to base 7
-335
Convert -5022 (base 6) to base 5.
-13334
Convert -100110111011 (base 2) to base 8.
-4673
Convert 3831 (base 11) to base 14.
1b6b
-3130302 (base 4) to base 5
-423010
Convert -2325 (base 6) to base 13.
-33b
-11322111 (base 4) to base 6
-304033
-1542 (base 7) to base 3
-211220
-150 (base 9) to base 3
-11200
Convert 6615 (base 7) to base 2.
100100111100
4441 (base 10) to base 6
32321
1434431 (base 5) to base 11
21003
What is 11230110 (base 4) in base 5?
1221231
What is 3da (base 15) in base 16?
370
Convert 110110110 (base 2) to base 15.
1e3
Convert -13041 (base 5) to base 10.
-1021
10888 (base 10) to base 11
81a9
Convert -22455 (base 6) to base 4.
-302003
Convert -50 (base 12) to base 8.
-74
What is 15 (base 8) in base 5?
23
What is -32493 (base 12) in base 13?
-2427c
-4cc (base 16) to base 11
-a17
Convert 4757 (base 10) to base 15.
1622
Convert -20100200 (base 3) to base 4.
-1020123
233 (base 4) to base 6
115
What is 12001 (base 3) in base 16?
88
Convert -2141 (base 5) to base 10.
-296
What is 1103123 (base 4) in base 11?
4014
Convert -1407 (base 9) to base 2.
-10000100100
Convert 121200202 (base 3) to base 15.
3915
-3a02 (base 11) to base 15
-1820
-3803 (base 13) to base 6
-100442
-94 (base 12) to base 3
-11011
What is 7c4 (base 16) in base 11?
1548
Convert 1303 (base 7) to base 13.
2bc
Convert -40 (base 8) to base 4.
-200
Convert 657 (base 16) to base 12.
b33
164 (base 12) to base 8
334
What is 5311 (base 9) in base 13?
1a0b
2171 (base 10) to base 8
4173
-12b7 (base 13) to base 2
-101001111101
Convert -e25 (base 16) to base 3.
-11222010
Convert 301104 (base 5) to base 15.
2c54
What is -3211 (base 5) in base 3?
-120222
40136 (base 9) to base 16
66f6
Convert 27031 (base 11) to base 4.
21123221
11010110 (base 3) to base 14
114d
Convert -217b (base 15) to base 14.
-2827
What is -466 (base 11) in base 13?
-33a
What is 11331 (base 5) in base 3?
1011011
What is -11233 (base 5) in base 14?
-426
43301 (base 5) to base 4
232013
Convert -2e (base 15) to base 5.
-134
Convert 167c9 (base 14